- 8 = -2*a - 2*f, 2 = -2*a + 2*f. Suppose b + a*m - 1899 = -0*b, -3788 = -2*b + m. Is (b/(-20))/(21/12 + -2) a prime number?
True
Suppose 44416 = 16*u - 12*u + 5*l, 3*l = -5*u + 55507. Is u a composite number?
True
Suppose -2*w = -3*w + 1247. Let z be 3 + 1 + (-62304)/(165/(-15)). Let m = z - w. Is m composite?
False
Let u = -245519 - -364878. Is u a composite number?
False
Suppose 0 = -14*x + 10*x + 2*f + 355134, -2*f = 2*x - 177564. Is x composite?
True
Let r(n) = n. Let v(o) = 154*o**2 - 2*o + 9. Suppose 0 = -9*b + 3 + 6. Let u(x) = b*v(x) - r(x). Is u(2) a composite number?
False
Suppose -3*j + 73 = 2*y, -4 - 22 = -j - y. Suppose -j*x + 19058 = -19*x. Is x prime?
False
Suppose 6*y - 5*y - 64349 = 2*p, -3*y + 4*p + 193059 = 0. Is y a composite number?
True
Suppose 106698 = j - 2*i, j + 2*i - 7*i = 106698. Suppose 0 = 105*c - 99*c - j. Is c a prime number?
True
Is 0 + 4/(-14) + 981*1210/462 composite?
True
Let b be (-3)/(12/26)*(1 + -135). Let h = -29 + -49. Let t = b - h. Is t a composite number?
True
Suppose -2*l + 136728 = 2*m + 43864, 0 = 6*l - 4*m - 278602. Is l prime?
False
Let u be (-306)/12*(-12)/9. Let f = u + -36. Is (53*f/(-4))/((-6)/(-132)) a prime number?
False
Is 503898 + 44/(15 - 11) prime?
False
Let m(s) = -4*s**2 + s + 25163. Let j be m(0). Suppose 15*c - j = 14602. Is c composite?
True
Is (0 - -2)*(-22)/((-1276)/4078531) composite?
False
Let u = 171 + 210. Suppose 0 = 28*j - 24*j. Suppose u = 3*h - j*h. Is h prime?
True
Let u = 52 - -242. Suppose -5*f + 75 = -105. Suppose -6*n - f = -u. Is n prime?
True
Suppose -72*i - 4821 = -319373 - 347776. Is i prime?
True
Let n be (103516/10)/(116/(-40) - -3). Is -4*(n/16)/(-7) composite?
False
Suppose -2*p - 4*a = 34632, 2*p - 3*a + 86567 = -3*p. Let o = -5111 - p. Is o prime?
True
Suppose -2*h - 4*u = -142846, -217*u = -216*u - 2. Is h a prime number?
True
Let j = -560151 + 811430. Is j a composite number?
True
Let z(o) = -o**2 + 12*o - 31. Let r be z(6). Suppose 0 = -r*c - f + 16591, 3 - 7 = f. Is c prime?
True
Suppose 3*z + u - 156862 = 0, -2*z + 6*u - u + 104603 = 0. Is z prime?
True
Suppose 8617 = 8*v - 5359. Suppose -2*f = d - v, 5*d + 4*f - 8687 = 6*f. Is d prime?
False
Let u = 27827 + -14610. Is u a prime number?
True
Let j(g) = 42*g**2 - 2*g - 3005. Is j(153) prime?
False
Suppose 2*m + 22 = -2*f - 0*m, -2*f - 14 = 4*m. Let t = 18 + f. Let n(p) = 35*p**2 + 3*p + 5. Is n(t) prime?
False
Let j(u) = 1463*u**2 - 8*u + 21. Let k be j(11). Suppose 17*a - 80271 = k. Is a a composite number?
False
Suppose x - 1220 = 1252. Suppose -13*a + x = -2000. Let n = 685 - a. Is n a prime number?
False
Let p = 273716 + -185793. Is p a composite number?
True
Let w = -885 + 878. Is (-5173)/(-7) + 1 + w a prime number?
True
Suppose -5*x + 4 = -6. Suppose -5*z + 14915 = 3*v - 4*z, x*v + 4*z - 9950 = 0. Is v a prime number?
False
Suppose 69*t = 67*t - 22. Is t + 1647 - (-3 + 2) a composite number?
False
Let d = 28 + -24. Suppose 317 = d*q + 33. Is q a composite number?
False
Let c(s) = 11 + 14*s**2 - 16*s**3 - 2*s**3 - s - 2*s**2 + 21*s. Is c(-6) a composite number?
False
Suppose -13*f = -f + 72. Let q be 13 - (-3 + -2 + (-3 - f)). Is (-14768)/(-10) + 3/q composite?
True
Suppose -2*j + 101344 + 43516 = 2*c, -3*c = -3*j + 217236. Is j composite?
False
Let j be (-1)/(-1) - (-44 + 0). Let n = 157 + -111. Let h = j + n. Is h a composite number?
True
Suppose 59 = -8*m - 45. Let v(n) = -7*n**2 + 19*n - 1. Let c(t) = -15*t**2 + 40*t - 2. Let b(z) = m*v(z) + 6*c(z). Is b(30) composite?
False
Let c = -230 + 277. Suppose -44*l = -c*l + 38289. Is l composite?
False
Let l(s) be the third derivative of -7*s**4/24 - 7*s**3/2 - s**2. Let z be l(-24). Is ((776/(-6))/4)/((-7)/z) a composite number?
True
Let q = 412 + 1799. Let p = q + -1094. Is p a prime number?
True
Suppose 12 = 4*s + 5*r, -2*r - 23 = -5*s - 8. Suppose -3*c - 12 = -3*y, 22 = 5*y - 3*c - 0*c. Suppose y*w - m = 3345, -2*w - s*m = -0*m - 1338. Is w prime?
False
Suppose -4*r + 26430 = 2*x, 88*r + 39647 = 3*x + 92*r. Is x prime?
True
Let g = 82402 + -31821. Is g prime?
True
Suppose -2*y + 9 = -4*r - 19, 5*r + 41 = y. Let g(h) = -120*h**2 - 5*h + 240*h**2 + h**3 + 22 - 105*h**2. Is g(r) a prime number?
False
Let v = -371 + 208. Let k = 4059 - 3807. Let g = k + v. Is g prime?
True
Is (1 - 9/(27/6)) + 251144 composite?
False
Suppose 12 = 3*a, -3*g = -a - 3*a + 7. Suppose 0 = -0*x - g*x + 4*w + 2353, 4*x = 4*w + 3140. Is x a composite number?
False
Let n = -239 - -250. Suppose -n*x = 7569 - 30702. Is x a prime number?
False
Let j = -91 + 58. Is (176/j - -6)/(4/118782) a prime number?
False
Let k(v) = 246970*v**3 - 12*v**2 + 12*v + 1. Is k(1) prime?
True
Suppose 113*m - 7304125 - 12812926 = 0. Is m a prime number?
False
Let w = 119650 - 83421. Is w a prime number?
True
Let b = -1518 + 3159. Suppose -b = -3*s + 612. Is s a prime number?
True
Let r(k) = 2516*k**2 - 47*k + 88. Is r(-5) prime?
False
Let b = 30 + -27. Suppose -w = 2*w - b*d - 45, 2*d + 2 = 0. Is ((-1519)/w)/((-1)/2) a prime number?
False
Is -4*1 + (-143 - -139488) a composite number?
True
Let q(w) = -w**3 + w**2 - w + 12. Let z be q(0). Is -3 + 3383 + z/4 a composite number?
True
Let z be (9 - 8)/(2/6) + 1043. Let o = -597 + z. Is o composite?
False
Let z be ((-2)/7)/(42/(-294)). Let p(o) = 65*o**3 - 3*o**2 - 3*o + 9. Is p(z) composite?
True
Let o(k) = -94*k**3 - 26*k**2 + k + 313. Is o(-18) a composite number?
False
Let i = -39 + 48. Suppose 0 = -6*v + i*v + 1146. Let f = -221 - v. Is f a prime number?
False
Let m(b) = 13*b**3 + 20*b**2 + 16*b + 8. Is m(17) a prime number?
True
Let c(z) = z**2 + 8*z + 13. Let q = 32 + -38. Let x be c(q). Is 2*(x + (-6153)/(-6)) a prime number?
True
Is -2149*(5688/(-21) - (-41 + 46)) prime?
False
Suppose -y + j = -1456347, -785*y + 787*y = -j + 2912682. Is y a composite number?
True
Suppose 6*d + 60 = 5610. Suppose -d*n + 57065 = -920*n. Is n a prime number?
False
Let c be (2/(-6))/((-11)/5082). Suppose -9*x = -19801 + c. Is x a prime number?
False
Is (-16 - (-1309532 + 15))*1 a composite number?
False
Suppose 6*l + 60979 = -5*a + 10*a, -4*l + 12201 = a. Is a prime?
True
Let c(f) = 19*f**2 - 9*f + 1. Let n(j) = -20*j + 84. Let k(v) = -4*v + 17. Let l(q) = 11*k(q) - 2*n(q). Let x be l(6). Is c(x) composite?
False
Suppose -4*j - 5969 = -r + 4841, r = -4*j - 10814. Let f = j - -341. Is f/(-8)*(2 + 2) prime?
True
Suppose 0 = -6*n + 8*n + 8, -5*n = -4*r - 196. Is 3*(-12)/r*(-16143)/(-2) composite?
False
Suppose -3*y = -65*r + 67*r - 11555, -2*y - 2 = 0. Is r a prime number?
True
Let a(u) be the third derivative of -13*u**4/3 - 221*u**3/6 - 3*u**2 + 42. Is a(-12) composite?
True
Let u(p) = 41*p**2 + 4*p - 71. Let g be u(8). Suppose 5*w - 5149 = -4*x, -g = -2*x + 51*w - 50*w. Is x prime?
True
Suppose 0 = 4*g - h - 184080, 108*h = -3*g + 112*h + 138047. Is g a prime number?
True
Suppose 2*b = 4*t + 25568, 0 = 2*b - 282*t + 283*t - 25553. Is b a composite number?
True
Let r(b) = b - 17. Let o be r(-10). Let g = o + 3. Let y = 67 - g. Is y composite?
True
Let b = 84717 - 40718. Is b composite?
True
Let u = -106423 + 158562. Is u composite?
True
Suppose 34*b - 123840 = 4*b. Suppose 3*y + 6890 = 5*j, 78*j = 75*j + 3*y + b. Is j prime?
True
Let w(z) = -3*z + 24 - z**2 + 7 + 13*z + 16*z. Let h be w(27). Suppose -2*l - 1713 = -f, -3*f - l + 5183 = h*l. Is f a prime number?
True
Let n = -333249 - -610496. Is n a composite number?
False
Let r(x) = -9009*x - 102. Let w be r(-5). Suppose 5*n = 2*i + 2*i - w, 2 = 2*n. Is i prime?
False
Is 252541 - (16/8 + 1/(1/6)) composite?
False
Suppose -5*a = -4*a - 1356. Suppose -a = -7*w + 1409. Is w prime?
False
Let h(b) = 2*b**2 + 16*b - 1. Let o be h(-20). Suppose o = s - 586. Suppose 0 = -q - 4*w + s, 0*w = 4*q + 3*w - 4247. Is q prime?
True
Suppose -x + 3 = 2*x + 3*f, -2*x - 5*f + 5 = 0. Suppose -4*s + 2*s + 5*b = 23, x = -4*b + 20. Let v(r) = 1736*r - 3. Is v(s) a composite number?
False
Let b(w) = 8*w + 22. Let s be b(5). Suppose -5*x + 7*x = s. Let o = x - -66. Is o a prime number?
True
Suppose -u = -1, 5*g = -4*u + 21 + 23. Suppose -x = -3*k + 5693, g*k - 3*k - 3*x - 9491 = 0. Is k prime?
False
Let a = -131311 + 1144590. Is a a prime number?
True
Let s(v) = -v**3 - 2*v**2 + v - 4. Let t be s(-3). Let q = 6 - t. Suppose 0 = q*o + 3*